 19965754241 a prime number?
True
Is 8912903459 a composite number?
False
Is 885495271 a composite number?
False
Is 5528699399 prime?
False
Is 27930891633 composite?
True
Is 2739118769 a composite number?
True
Is 65257531049 composite?
True
Is 1307999513 a composite number?
False
Is 1806419249 a prime number?
True
Is 6847153 a composite number?
False
Is 681636721 a prime number?
True
Is 14969708951 prime?
False
Is 155912833 a composite number?
True
Is 333003444659 a composite number?
False
Is 2650585933 a composite number?
False
Is 991429663 composite?
True
Is 2766311423 prime?
False
Is 2897704831 composite?
True
Is 524321729 prime?
False
Is 1224720271 a composite number?
True
Is 84147296069 composite?
False
Is 92913991 composite?
False
Is 1758925705 a prime number?
False
Is 18411371477 prime?
True
Is 4823372231 prime?
False
Is 62810421151 composite?
False
Is 28876496537 a prime number?
False
Is 50057960749 prime?
False
Is 370810459 prime?
True
Is 1062583507 composite?
False
Is 7214058421 prime?
False
Is 22019397251 prime?
True
Is 6284206021 a prime number?
False
Is 9303052439 a prime number?
True
Is 828356057 a composite number?
True
Is 3139055917 a prime number?
False
Is 4098181781 composite?
True
Is 146933704459 a prime number?
False
Is 5561938493 composite?
True
Is 217310299 composite?
False
Is 161608463 a prime number?
True
Is 4126668607 a composite number?
True
Is 2400707693 composite?
True
Is 21382708343 prime?
True
Is 1165060759 a composite number?
True
Is 86324131 prime?
True
Is 8264281 a prime number?
True
Is 18208047577 prime?
True
Is 305007697 a prime number?
True
Is 5569116862 a prime number?
False
Is 31071573311 a prime number?
False
Is 84724288681 composite?
True
Is 101895849791 a prime number?
False
Is 5941378623 a prime number?
False
Is 870610109 a prime number?
True
Is 304108831547 composite?
True
Is 412812781 composite?
False
Is 67554374 a composite number?
True
Is 2106238447 a composite number?
False
Is 1241275817 composite?
False
Is 87720262757 prime?
False
Is 1165863185 prime?
False
Is 1441241189 prime?
True
Is 139739835533 composite?
False
Is 16985819 a prime number?
False
Is 371804183 prime?
True
Is 4745056387 prime?
True
Is 2124894097 a composite number?
False
Is 7290217213 a composite number?
True
Is 748351481 a prime number?
True
Is 8281490351 composite?
True
Is 344656409 composite?
True
Is 290384597 a composite number?
False
Is 512111359 a composite number?
False
Is 574063577 composite?
False
Is 5298376173 composite?
True
Is 219687613 composite?
False
Is 12518769223 a composite number?
False
Is 3164145347 a prime number?
False
Is 187163033 a prime number?
True
Is 5771196799 a prime number?
False
Is 9120119683 a composite number?
False
Is 36401060041 prime?
True
Is 3221741401 a prime number?
False
Is 968791553 prime?
False
Is 9005602601 composite?
True
Is 2599061701 prime?
True
Is 12418459759 a prime number?
False
Is 545012681 composite?
False
Is 7654208297 a prime number?
True
Is 2170506549 composite?
True
Is 58019228413 prime?
False
Is 708630823 composite?
False
Is 102362497 a composite number?
False
Is 1487448047 prime?
True
Is 3446469617 a prime number?
True
Is 5977301527 prime?
True
Is 79533331 composite?
False
Is 214933222909 prime?
True
Is 16000844071 prime?
False
Is 638981989 a composite number?
True
Is 5779653661 a prime number?
False
Is 5288297953 composite?
True
Is 1230381781 a composite number?
True
Is 967264069 a prime number?
True
Is 29083823 composite?
True
Is 481544722 a composite number?
True
Is 51315083546 a composite number?
True
Is 17196977 a composite number?
True
Is 111984354463 a composite number?
False
Is 61656323 prime?
True
Is 266862622141 composite?
True
Is 9685924631 composite?
False
Is 365134477 prime?
True
Is 5337359 composite?
False
Is 6476884753 a prime number?
True
Is 9910348327 a prime number?
False
Is 356012965537 a prime number?
False
Is 74720857 prime?
False
Is 1986398771 composite?
True
Is 6089472341 a composite number?
True
Is 7744479559 a composite number?
False
Is 570382779 a composite number?
True
Is 826272187 prime?
False
Is 2298584647 a prime number?
False
Is 1115727707 composite?
False
Is 1092671771 prime?
False
Is 168853387 a composite number?
True
Is 14978008481 a composite number?
True
Is 9499178237 a composite number?
False
Is 1590674117 a prime number?
True
Is 8970390631 prime?
True
Is 535252805 a prime number?
False
Is 7211187563 prime?
True
Is 51778523 a prime number?
True
Is 30509255251 composite?
False
Is 21209952867 prime?
False
Is 7532217881 composite?
False
Is 23617729054 a prime number?
False
Is 151505564321 a composite number?
True
Is 1723614577 composite?
False
Is 10942794799 composite?
False
Is 1182756077 a prime number?
True
Is 59453494097 composite?
True
Is 588733385 prime?
False
Is 33928862257 prime?
True
Is 295373273 a composite number?
True
Is 309535687 a prime number?
True
Is 3326143501 prime?
False
Is 87117732997 composite?
False
Is 27628163879 a prime number?
True
Is 81541237 composite?
False
Is 6624111463 prime?
True
Is 225704419 composite?
True
Is 20888390983 composite?
False
Is 4428340777 a prime number?
False
Is 24418296761 a composite number?
True
Is 14774371211 prime?
True
Is 1520054387 prime?
False
Is 107235653011 a prime number?
True
Is 22917871303 composite?
True
Is 6513790739 a composite number?
True
Is 1058671037 a prime number?
True
Is 2184802853 a prime number?
True
Is 6555351821 a prime number?
True
Is 159591779 a composite number?
True
Is 683278339 a composite number?
True
Is 147332715601 a prime number?
False
Is 13981716071 a composite number?
False
Is 16448589497 a prime number?
False
Is 4349151197 composite?
False
Is 233172064883 a composite number?
True
Is 6294671309 composite?
False
Is 1408873981 a composite number?
False
Is 697182397 a prime number?
True
Is 1691264723 composite?
False
Is 70911338 a composite number?
True
Is 26083262 prime?
False
Is 115891481 prime?
True
Is 11365384643 a prime number?
False
Is 541197677 prime?
True
Is 13706377477 prime?
False
Is 145134173 a prime number?
True
Is 19578008789 composite?
True
Is 63365920031 composite?
True
Is 92246759861 prime?
False
Is 207368621 composite?
True
Is 4223856971 prime?
True
Is 5014890871 a prime number?
False
Is 2253096239 composite?
False
Is 164563993357 a composite number?
False
Is 12799793489 prime?
False
Is 41242715 composite?
True
Is 19323366119 a composite number?
True
Is 222831827 a composite number?
True
Is 3221687302 a prime number?
False
Is 663657667 a composite number?
True
Is 575125689 a prime number?
False
Is 660150541 a prime number?
False
Is 1074052673 composite?
True
Is 50359942 a prime number?
False
Is 1711313737 composite?
True
Is 68839471567 a composite number?
False
Is 28675419049 a prime number?
True
Is 18081839458 a composite number?
True
Is 29011828621 prime?
True
Is 6419330149 a composite number?
False
Is 2918351 a composite number?
False
Is 74035976039 a composite number?
True
Is 184082413 composite?
False
Is 51555193561 a composite number?
True
Is 490398067 composite?
False
Is 633091829 a prime number?
True
Is 130757639 a prime number?
False
Is 32997451 a prime number?
False
Is 579761537 composite?
False
Is 3229844659 composite?
True
Is 32986086671 a composite number?
False
Is 45817241 a prime number?
True
Is 33566306399 a composite number?
False
Is 47231441449 composite?
True
Is 12484905617 composite?
True
Is 30265162021 prime?
True
Is 69914085959 prime?
True
Is 24037601827 a composite number?
True
Is 1800309151 a prime number?
True
Is 37677475777 a prime number?
False
Is 12976927303 a composite number?
False
Is 13490739227 a prime number?
False
Is 5343619183 a composite number?
True
Is 5722603411 a prime number?
False
Is 67299095609 a prime number?
True
Is 46595882467 composite?
True
Is 1193901199 a prime number?
False
Is 174580411969 composite?
True
Is 14809696351 prime?
True
Is 268318949 a prime number?
False
Is 191302152163 a prime number?
True
Is 92635400641 prime?
False
Is 42985739833 prime?
False
Is 182956409 prime?
True
Is 15161031583 composite?
True
Is 5303281267 a prime number?
False
Is 14481769697 a prime number?
False
Is 4566568817 prime?
False
Is 2875546259 a composite number?
False
Is 108243881 a composite number?
True
Is 3